mon factor of w and 138?
46
Suppose 0 = -4*o - 2*r + 8, -3*r = 7 - 19. Suppose o = 5*m + 36 - 461. Calculate the highest common factor of 34 and m.
17
Suppose 5*r + 2*x - 6648 = 0, 4*r - 11*x + 10*x = 5334. Calculate the greatest common divisor of 518 and r.
74
Let n be (6 + (-28)/4)*-61. Suppose 7*g - 10*g + 4*h + 386 = 0, -3*h = -3*g + 381. What is the highest common factor of n and g?
61
Suppose 0 = -18*g + 130 + 14. Suppose -14*p - g*p = -2178. What is the highest common divisor of p and 9?
9
Let f be (-77)/(-11) + 26 + -1. Suppose -5*z + 103 + f = 0. Let b(g) = 5*g**3 + 2*g**2 - g - 1. Let u be b(2). What is the greatest common divisor of z and u?
9
Suppose -15037 = -60*c - 1195*c + 41438. Suppose 15 = p - 18. Suppose 4*q = p + 39. Calculate the highest common factor of c and q.
9
Let g = 1400 + -3012. Let j = -1604 - g. Suppose -3*z + 6*x = x - 307, -2*z - 2*x + 210 = 0. What is the greatest common factor of z and j?
8
Let x(v) = -7*v**3 + 17*v**2 + 27*v - 61. Let s be x(2). What is the greatest common factor of 4685 and s?
5
Let v(m) = 6*m**3 + 8*m**2 - 7*m - 62. Let b be v(6). What is the greatest common factor of b and 518?
74
Let d(f) = -f**2 + 3*f + 1. Let t be d(3). Let p be (t - 1 - 1) + 13. Let y be (-7)/252*-124 - 16/36. What is the greatest common divisor of p and y?
3
Suppose 2 = -2*r + 4. Let m(f) = -2*f + 48 - 64 - 15*f. Let t be m(-1). What is the highest common divisor of t and r?
1
Suppose -15*x + 890 = 110. What is the greatest common factor of x and 74?
2
Suppose k - 144 = -k. Suppose 89 = 2*q - 3*r, -7*q - 3*r + r = -274. Let d = q + k. Calculate the highest common divisor of 16 and d.
16
Suppose 29070 = -75*m + 129870. Calculate the greatest common factor of 2436 and m.
84
Suppose 2048 + 728 = 51*n + 787. What is the greatest common factor of 260 and n?
13
Let x be (-55 + 58)/(12/32). Calculate the greatest common divisor of 72 and x.
8
Let a = -130 - -393. Let d = 267 - a. What is the greatest common factor of d and 10?
2
Suppose 0 = -24*i + 25*i - 244. Suppose -4*o + 4*f + i = 0, 5*o - 4*f - 1 = 303. What is the highest common factor of 30 and o?
30
Let y = 3172 - 3121. Calculate the greatest common divisor of 5457 and y.
51
Suppose 238 = 24*x - 602. Suppose 0 = 39*m - x*m - 2552. What is the highest common factor of m and 22?
22
Let h(c) = -c - 5. Let z be h(-3). Let l be (1 + 25/3)/(z/(-12)). Suppose q = -3*y - 0*y + l, q + 2*y = 53. What is the highest common divisor of 423 and q?
47
Let t be 16/2 - 15/5*1. Suppose 4*k + 5*o - 36 = -7, -30 = -t*k - 5*o. Suppose -5*i + 11 = k. Calculate the greatest common divisor of i and 16.
2
Suppose -3*o + 293 + 94 = 0. Let l = o - 99. Suppose -m - 6*h + 202 = -8*h, -3*h = 3*m - 642. What is the highest common divisor of m and l?
30
Let a = -46410 - -46445. Calculate the greatest common divisor of 3745 and a.
35
Suppose 5*k = -3*m - 28 + 18, -20 = 2*m + 5*k. Calculate the highest common factor of 482 and m.
2
Let n be ((-18)/(-5))/(8/480*(-153)/(-34)). What is the highest common divisor of n and 114?
6
Suppose -u + 1148 = 790. Suppose -354*w + u*w = 48. Calculate the greatest common divisor of w and 216.
12
Let q(d) = -13*d + 738. Let m be q(55). What is the highest common divisor of 5221 and m?
23
Let z = 15156 - 15151. Let m = 2 + -2. Suppose 340 = -m*u + 4*u. Calculate the greatest common factor of z and u.
5
Let g(f) = -8*f - 95. Let u(o) = -8*o - 93. Let w(h) = 2*g(h) - 3*u(h). Let b be w(5). Calculate the highest common divisor of b and 3.
3
Let p(u) = u**3 + 28*u**2 + 27*u + 8. Let r be p(-27). Let z be -1 + (-2046)/(-15) + r/(-20). Calculate the highest common divisor of 18 and z.
9
Let d be (-14)/10*144/336 - 876/(-10). What is the highest common factor of 2697 and d?
87
Let j(z) = 41*z + 14. Let v be j(10). Suppose 15*m = 5*u - 55, 2 = 313*m - 315*m. What is the greatest common factor of u and v?
8
Suppose 776 + 8173 = 161*a - 1033. Suppose 6 = w + 2. Calculate the greatest common factor of w and a.
2
Suppose -14*o - 6045 = -42209 + 2676. Calculate the highest common factor of 253 and o.
23
Suppose 0 = 18*k - 0*k - 1296. Let f = k + 82. Calculate the highest common divisor of f and 70.
14
Suppose 0 = 2*k - 2*l + 992, 2*k + l = 4*k + 993. Let s = k - -647. What is the greatest common factor of 100 and s?
50
Let s be ((-30)/4)/(6/(-4)). Suppose 13 = 18*p - s. Calculate the highest common factor of 7 and p.
1
Let v(d) = -3*d + 3. Let q(j) = j**3 + 9*j**2 - 3*j + 6. Let t be q(-9). Let s = -40 + t. Let k be v(s). Calculate the highest common divisor of k and 12.
12
Let k = -449 + 483. Suppose 5*c - k*c = -1392. What is the greatest common divisor of 180 and c?
12
Let q(u) = 132*u**3 + u**2 - u - 1. Let j be q(-1). Let x = -111 - j. Calculate the highest common factor of x and 500.
20
Suppose 2*g + 13*w - 11*w - 4088 = 0, 10262 = 5*g - 2*w. What is the highest common divisor of g and 50?
50
Let i(c) = -c**3 + 3*c**2 - c + 7. Let u be i(3). Let t be (-2)/(1 + (-6)/u). Suppose t*x = 33 + 95. What is the highest common divisor of x and 4?
4
Suppose -6*t + 63 = -15*t. Let a be (t - (2 + 10/(-2))) + 13. Let n be 2*(-2)/(-4) + 98. What is the greatest common divisor of n and a?
9
Let n be (-3)/(-9) + 1/(-3). Suppose -2*w + 6*m - 5*m = -919, -m - 1378 = -3*w. Suppose -9*z + w = -n*z. Calculate the highest common factor of 17 and z.
17
Let z be -3 + 6 + -3 - -1. Let n be z + 72 + ((-3)/1 - -2). Suppose 4*q - 24 = 8. Calculate the highest common divisor of n and q.
8
Let a be 1756/88 + (-1)/(-22). What is the highest common factor of a and 180?
20
Let b(i) = i**3 - 20*i**2 - 422*i. Let g be b(33). What is the highest common factor of g and 3773?
77
Let s = -3101 - -3113. Let z = 274 + -58. What is the greatest common divisor of z and s?
12
Let h = -521 + 623. Calculate the highest common factor of h and 10914.
102
Let f = 363 + -355. Suppose 0 = 2*y + 2 + f, -z + 5*y = -155. What is the highest common factor of 39 and z?
13
Let h be (0 - 2) + (6 - 4)*2. Suppose -3*c - h*y + 560 = 0, -8*c = -4*c + 2*y - 750. Calculate the highest common divisor of 76 and c.
38
Suppose 2*n + 7*n = 2520. Suppose 5*d = n + 115. Let l = d - 73. Calculate the greatest common divisor of l and 42.
6
Let m = -1325 - -2510. Calculate the highest common divisor of m and 150.
15
Let g be (-7021)/(-6018) - (-95)/6. What is the greatest common factor of g and 19839?
17
Suppose -y - 9*y - 98208 = -13*y. What is the greatest common factor of 186 and y?
186
Let w(f) = -f**3 + 31*f**2 - 61*f + 92. Let v be w(29). Suppose 3*j = -p + 3223, v*j - 9*p + 7*p = 5379. Calculate the greatest common divisor of j and 43.
43
Let q = -24610 - -25766. Calculate the greatest common factor of 612 and q.
68
Suppose 191*t - 186*t + 5 = 0, -4*v + t + 2185 = 0. What is the highest common factor of 195 and v?
39
Let k(x) be the first derivative of -x**3/3 + 13*x**2 + 175*x - 21. Let t be k(20). What is the greatest common divisor of t and 118?
59
Let f = -1249 + 1759. Calculate the greatest common factor of 105 and f.
15
Suppose -8*j + 4 - 4 = 0. Suppose 0 = -4*i - 3*d - 70, 4*i - 5*d = -j*i - 86. Let w = -7 - i. Calculate the highest common divisor of w and 228.
12
Let k = 584 + -575. Suppose -12 = 5*v - 62. Let h = v - 7. What is the greatest common divisor of k and h?
3
Let q(r) = -r**3 + 46*r**2 - 195*r - 90. Let t be q(40). Calculate the highest common divisor of t and 720.
90
Suppose u = 3*r + 703 - 152, 537 = u + 4*r. What is the highest common factor of 1417 and u?
109
Let u = -1121 - -1226. Let s = 20 + 25. What is the highest common factor of s and u?
15
Let u be (55/77)/((8/(-14))/(-4)). Suppose 12 + 3 = u*s, 3*x + 4*s - 204 = 0. What is the greatest common factor of x and 80?
16
Let v(y) = 27*y + 149. Let c(r) = 108*r + 594. Let i(w) = 5*c(w) - 21*v(w). Let p be i(-6). What is the greatest common divisor of p and 57?
3
Suppose p - 7*c + 949 = -3*c, 3*p + 4*c = -2863. Let y = p - -1437. What is the highest common factor of 44 and y?
44
Let n = -14595 + 14642. What is the greatest common divisor of n and 12643?
47
Suppose -3496 = -28*h + 25*h + 2*o, 0 = h - 5*o - 1135. Calculate the highest common factor of h and 20.
10
Let h(d) = -d**3 + 5*d**2 + 7. Let l(a) = -a**2 - 5*a + 5. Let m be l(-5). Let r be h(m). Let b = 141